rivative of -3*r**2/2 + 19*r + 6. Let o be s(10). Let x(g) = 7*g + g**2 - 8*g + 10 + 12*g. Give x(o).
10
Let d be 8/(2/(-1)) + 2. Let w(o) be the second derivative of -1/6*o**4 - o**2 - 1/2*o**3 + 16*o + 0 - 1/20*o**5. Determine w(d).
4
Let t(i) be the first derivative of i**3/3 + 2*i**2 - 2*i + 2. Let w(o) = o**2 - 20*o - 49. Let x be w(22). What is t(x)?
3
Suppose -4*h + 204 = -6*h + 8*h. Let m(r) = -r**2 + 31*r + 98. What is m(h)?
-4
Suppose -4*f - 2*w = 96, -5*f = -2*f + 3*w + 69. Let v = -19 - f. Let z(q) = v*q + q**2 - 2*q**2 + 40 - 42. Calculate z(4).
6
Let b(x) = 19*x + 19. Let m = 2181 + -2185. Determine b(m).
-57
Let p = 8 + -1. Suppose -s + 3*x = -18, 7*s - 3*s - p = -x. Let y(f) = -4*f - 4 + 6*f - 3*f - f. Determine y(s).
-10
Let y(x) = -907*x + 14511. Let n be y(16). Let t(q) = -9*q - 5. Calculate t(n).
4
Let d(n) = -13*n**3 - 22 + 51 - n**2 - 16 - 13. What is d(1)?
-14
Let w(n) = -9 + 5797*n - 5795*n + 0. What is w(-3)?
-15
Let u(k) be the first derivative of -k**2/2 + 7*k - 2. Let n(s) = -14*s + 2*s + 4 - 3*s**2 - 2*s - 5. Let q be n(-4). Calculate u(q).
0
Let r = -318 - -579. Let v be r/15 + 18/30. Suppose -2*s = v - 34. Let g(t) = t**3 - 7*t**2 - 6*t - 10. Give g(s).
6
Let w(r) = -41 - 3*r - 3*r + 4*r + 0. Let d be w(-22). Let b(o) be the first derivative of 5*o**2 - 4*o + 53. Calculate b(d).
26
Let d = 158 - 91. Let w = -69 + d. Let l(x) = -5*x**2 - x + 1. Give l(w).
-17
Let n(a) = -a - 15. Let p(f) = -18*f + 436. Let l be p(24). Calculate n(l).
-19
Let f(o) = 10*o + 8. Let g = -1853 - -1849. Calculate f(g).
-32
Suppose 267*x - 190*x = 154. Let i(o) be the second derivative of 0 - 5/12*o**4 - 7/2*o**x + 4*o - 1/20*o**5 + 5/6*o**3. Calculate i(-6).
-1
Let y be (-495)/10*(-60)/(-270). Let v(x) = -x + 48. What is v(y)?
59
Let s(r) = 16*r + 36. Let y(g) = 27*g + 69. Let j(h) = -5*s(h) + 3*y(h). Calculate j(-8).
19
Suppose 5*d - 5*y + 10 = 0, -11*y + 12 = -4*d - 6*y. Let f(z) = -2*z**2 - 6*z**d - 3*z**3 + 4 - 141*z + 4*z**3 + 130*z. Suppose c = 16 - 7. What is f(c)?
-14
Suppose 4*d + 44 = 3*t, -61*d = -62*d - 2*t. Let p = 7 + -4. Let x(r) = -4 + 0 + r + p + 10. Calculate x(d).
1
Let t(d) = 6*d**2 + 32*d + 35. Let x(q) be the second derivative of -q**4/3 - 7*q**3/2 - 23*q**2/2 - 6*q - 3. Let v(z) = 5*t(z) + 8*x(z). Determine v(-6).
-33
Let i(p) = -49996103*p**2 - 1 + 4 - 2 + 49996109*p**2. Let r be 26/10 + (-2)/(-5). Let y be ((-2)/3)/((-2)/r). Give i(y).
7
Let l(p) = 23*p - 1 + 15*p**2 + 7*p - 122*p. Calculate l(6).
-13
Let g = 2 - -4. Let f(x) = -6 + 3*x + 3*x + x**3 - g*x**2 - 4*x - x. Suppose -5*h - 9*h + 69 = -15. Give f(h).
0
Let f(i) = -i**3 - 3*i**2 + 2. Let w(p) = -2*p**3 - 3*p**2 - 5*p + 12. Let j(b) = -3*f(b) + w(b). Give j(-5).
56
Let g(t) = -t**2 - 2*t - 4. Let q be g(2). Let c be -4*-5*q/40. Let r(u) = -4*u - 21. Let l be r(c). Let j(h) = -h**2 + h + 3. What is j(l)?
-3
Let n(o) = -2*o**2 - 3*o - 1. Let z be 4/(-18) + 16/54*-6. Calculate n(z).
-3
Let r(v) = -7*v - 18. Let h(o) = -8*o**3 + 3*o**2 - 34*o - 36. Let j be h(-1). Give r(j).
-81
Let a be 12/(-2 + 28/8). Let v(k) = 7*k - 821*k**2 + 0 + 820*k**2 + 0. Give v(a).
-8
Let d = -13 + 15. Suppose 2*b + d*b - 14 = 2*a, -20 = -5*b + 2*a. Let q(k) = b - 10*k + 8*k + 0. Determine q(4).
-2
Let u(q) = -3*q + 4. Let g(b) be the second derivative of b**4/6 + 4*b**3/3 - 7*b**2 - 3*b. Let r be g(-7). Let h = 34 - r. Give u(h).
-14
Let y(r) be the third derivative of -r**6/120 + 3*r**5/20 + r**4/8 - 2*r**3 + 1500*r**2. Calculate y(9).
15
Let c(g) = -g**2 + 12*g + 35. Let u be c(15). Let p(a) = -a**2 - 28*a - 187. Let j be p(u). Let t(r) be the first derivative of -r**2/2 - 3*r - 1. Give t(j).
4
Let j = -27 + 32. Let f be 40/(-6)*(-9)/j. Let y(l) = l**3 - 13*l**2 + 13*l - 16. Let b be y(f). Let a(u) = u**3 + 4*u**2 + 2*u + 6. Calculate a(b).
-2
Let c(f) = -f**3 + 7*f**2 + 3*f - 17. Let a be c(7). Suppose a*m + 21 = 13. Let z(h) = -h**3 - 3*h**2 - h. Calculate z(m).
-2
Let l(m) = m**3 + m**2 - 3*m - 1. Suppose -5*i - 2*i = 161. Let y(u) = -u - 25. Let r be y(i). What is l(r)?
1
Let n(w) = 50*w**3 + 13 - 8*w + 5*w**2 + 25*w**3 - 76*w**3. What is n(4)?
-3
Let n(u) be the third derivative of 3*u**4/8 - u**3/2 + u**2. Suppose -3*g + 10 = 1. Let s(z) = 8*z**2 - 22*z - 4. Let x be s(g). Calculate n(x).
15
Let n(m) = -m**2 + 6*m + 6. Let z(b) = -b**2 + 4*b + 5. Let v(f) = 2*n(f) - 3*z(f). Suppose -5*l + 2*x + 7 = 0, 13 + 3 = 4*x. Calculate v(l).
6
Let w(n) = 23*n + 2139. Let l be w(-93). Let d(g) be the second derivative of -1/12*g**4 + l - 2*g**2 + 5/6*g**3 + 5*g. Determine d(4).
0
Let m(g) = g**2 - 7*g + 9. Suppose -2*f = r - 43, 0*r - 2*f = 3*r - 121. Suppose 61 = 2*u + 5*s, -63 = -4*u + 3*s + 72. Let p = r - u. Give m(p).
3
Let k(y) = -y**3 + 9*y**2 - 9*y - 4. Suppose -4*d - 15 = -9*d - p, -2*p = 0. Let r be 3 + -1 - (0 - -2). Let w be (-6 + 4)*-4 + r/d. Calculate k(w).
-12
Let r(d) = -2*d - 66. Suppose -2*f - 5*s - 32 - 49 = 0, 0 = 5*f + s + 168. Give r(f).
0
Let f(p) = p**3 + 25*p**2 - 2*p - 45. Let j be (-12)/45 - 2226/90. Give f(j).
5
Let h(z) = -z**2 - 32*z + 64. Let t be h(2). Let c(w) = -w**2 - 11. Calculate c(t).
-27
Let g(p) = -16*p**2 - 284*p - 283. Let d be g(-1). Let n(j) = -3*j**2 - 42*j + 20. Determine n(d).
-25
Let l(m) = -2*m**2 + 23*m - 40. Let k be l(8). Let z be (-6)/5*(36/(-6) + k). Let n(o) = -o**3 - 13*o**2 - 9*o + 9. Give n(z).
-27
Let j = 44 - 31. Let b(o) = -j*o - 2 + 7*o + 1 + 4*o. Let h be 10/45 - (-76)/(-18). Calculate b(h).
7
Let m(i) = -i**2 + 15*i - 17. Let r = -319 + 19. Let k = 312 + r. Determine m(k).
19
Let t(y) = -2*y**2 + 22*y - 9. Suppose -4*m + 5 = 5*q, -17*m - 11 = -16*m + 3*q. What is t(m)?
11
Let y(j) = j**3 - 3*j**2 + 3*j - 5. Suppose -25*b = 151 - 401. Let o be 1 + -1 + b/(-2) + 7. What is y(o)?
-3
Suppose 0 = 4*o - 24, -5*m - 3*o + 35 + 8 = 0. Let c(b) = -13*b + 51. What is c(m)?
-14
Let b(l) be the third derivative of l**4/12 + 35*l**3/6 + 224*l**2. Determine b(-15).
5
Suppose -13342 = -4*k - 4*b - 13250, 29 = 4*k - 5*b. Let l(x) = -7*x + 101. Give l(k).
-11
Let t(x) = -5*x - 59. Let l(i) = -24*i - 266. Let z(m) = 3*l(m) - 14*t(m). Calculate z(7).
14
Let g(k) = -4*k - 27. Let j(v) = 4*v + 14. Let l(t) = 4*g(t) + 5*j(t). Determine l(6).
-14
Suppose 0 = 5*r - 58 + 18. Let w(k) be the third derivative of -1/12*k**4 + 2/15*k**5 + 5/3*k**3 + 0 - 1/120*k**6 + 0*k + 2*k**2. Determine w(r).
-6
Let a(l) be the first derivative of l**6/120 + 7*l**5/60 - 5*l**4/12 - 17*l**3/6 - 177*l**2/2 + 73. Let t(z) be the second derivative of a(z). Determine t(-8).
-1
Let j be (56 - 56)*1/6*2. Let d be ((-20)/(-15) + j)*(-12)/4. Let x(l) = l**3 + 3*l**2 - 5*l. Determine x(d).
4
Let i(d) = d - 17. Let z(k) = -k**3 - 17*k**2 - 70*k - 29. Let v be z(-6). Calculate i(v).
-22
Suppose 7 = 3*i - 5. Suppose -38*d + 33*d + 375 = 0. Let f(j) = 35 + 41 - j**2 - d + 4*j. Determine f(i).
1
Let t(m) = -29*m - 20. Let k be (-6)/15 - (-80)/200. Give t(k).
-20
Let f(x) = x - 58*x**2 + 57 + 43*x**2 + 13*x**2 - 47. What is f(3)?
-5
Let z(u) = u**2 + 3*u - 2. Let g(o) = o**3 + 12*o**2 + 16*o + 55. Let j be g(-11). Determine z(j).
-2
Let k(i) = -i - 2*i - 3*i + 254*i**2 - 255*i**2 - 8 - 4*i. Suppose 0 = -5*f + m - 32, -3*f = -3*m + 39 - 15. Give k(f).
16
Let h be (15 + -15)*(-8)/32*(-4)/3. Let j(g) = g**3 + g + 0*g**3 - 2*g**3 + g**2 + 6. Calculate j(h).
6
Let d(h) be the second derivative of h**4/12 - h**3/3 - 15*h**2 - 142*h + 5. Calculate d(0).
-30
Let y = 56638 + -56636. Let i(o) = 3 + 4*o - 4 - 2. Give i(y).
5
Let m(z) = -5*z**3 - 8*z**2 - 4*z + 1. Let o(w) = w**3 + 13*w - 9*w**2 - 10*w - 7*w**3 - 8*w. Let u(j) = 5*m(j) - 4*o(j). Give u(-4).
5
Let x(z) be the first derivative of 5*z**2 - 70*z - 4137. What is x(5)?
-20
Let d(l) be the third derivative of -l**6/120 - l**5/20 + l**4/6 + l**3 + 3*l**2. Let h(z) = 4*z - 76. Let r be h(23). Suppose -r = 7*p - 3*p. Give d(p).
6
Let f(s) = -73*s - 12. Let j be f(-5). Let y(g) = 1 + j*g - 3 - 352*g + 3. Let a = 99 - 95. What is y(a)?
5
Let x(w) = w**2 - 12*w - 14. Let a(t) = 8*t + 104. Let z be a(-13). Suppose 4*m = 5*c - 4*c - 21, z = -4*c + 4*m + 60. Determine x(c).
-1
Let m be (-7)/2*(14 + -16). Let s(u) = 6*u + 71. Let g be (-4)/((-4)/11) + 0. Let i(v) = v + 14. Let b(k) = g*i(k) - 2*s(k). Give b(m).
5
Let k(q) = 9*q**3 + 37*